?
-25
Let u(z) = 6*z + 24*z - 3 + 1 + 1. Let k(p) = -p**3 + 15*p**2 + 143*p - 1603. Let t be k(18). Give u(t).
-31
Let z be 6/(-14) + 31*4/28. Suppose 0 = -3*p - v - 4*v - 52, 2*v - 26 = z*p. Let y(x) = -2*x. What is y(p)?
18
Let v(r) be the second derivative of r**4/4 - r**3 - 3*r**2/2 - r - 382. Let q = -36 - -39. Calculate v(q).
6
Suppose 23*q = 11*q + 144 + 132. Let a(b) = -4*b + 80. Determine a(q).
-12
Let a(m) be the second derivative of 4/3*m**3 + 1/12*m**4 - 17*m + 0 - m**2. Suppose 2*q + 0*q + 12 = 0. Give a(q).
-14
Let a = -129 + 152. Suppose 0 = -2*m + 21 - a. Let h(d) = -10*d**3 + d + 1. Determine h(m).
10
Let i(l) = -l**3 - 14*l**2 - 36*l - 9. Let n be i(-3). Let h be 1 - 3*6/9. Let x be (h - -2)*(0 + -3 + n). Let m(p) = 2*p**2 + 2*p + 3. Give m(x).
15
Let k(c) = 22*c - 751. Let a be k(34). Let y(s) = 3*s**3 + 2*s + 4. Let d(i) = 7*i**3 - i**2 + 4*i + 9. Let q(f) = -2*d(f) + 5*y(f). Determine q(a).
-13
Suppose 140 = -5*w - 10. Let n = w - -19. Let a(h) = -9*h**2 + 29*h + 23. Let l(f) = 5*f**2 - 15*f - 12. Let u(k) = n*l(k) - 6*a(k). Give u(-7).
8
Let k(b) = -3*b**2 + 3 - 2*b + b**2 + b. Suppose -4*t + 18 = 3*q + 15, -q - 27 = -8*t. What is k(q)?
-12
Let p be ((-9)/(-30)*4)/(11*(-5)/(-275)). Let d(x) = x**2 - 6*x + 3. Let v be d(6). Let c(r) = -r - 16 + 3*r - v*r - p. What is c(0)?
-22
Let m(f) = f**3 + 19*f**2 - 19*f + 18. Suppose -5*b = -353*w + 354*w + 95, 3*w - 75 = 3*b. Give m(b).
-2
Let i(w) = -w**2 - w - 2. Let a be (-4912)/(-28) - (-9)/(-21). Suppose -3*h - 91 = -2*f, 0*f + 3*h - a = -5*f. Let p be (f + -37)/(1/(-2)*1). Determine i(p).
-4
Let c(u) = -3*u**2 + 22*u - 23*u + 4 + 7*u**2 + u**3. Let l be ((-30)/(-9))/(94/(-141)). Calculate c(l).
-16
Let l = -92 - -65. Let s = l - -41. Suppose -s = k - 3*q - 1, 0 = -k - 4*q + 22. Let j(d) = -3*d**3 + 2*d**2 - 3*d + 1. Calculate j(k).
-21
Let g(a) be the third derivative of a**4/24 + a**3/3 + 3*a**2 - 12*a. Let x(q) = 4*q + 8. Let o(w) = 5*g(w) - x(w). Let s = 11 - 5. What is o(s)?
8
Let r(w) = -2*w**3 + 37*w**2 + 20*w - 21. Let l(t) = -t**3 - 6*t**2 - 15*t - 9. Let z be l(-4). Give r(z).
-2
Let a(p) = -22*p**2 + 6 - 15 - 11 + 4 + p**3 + 2*p - 2. What is a(22)?
26
Let g(d) = -2935*d + 1464*d + 7 + 1469*d. Let n(a) = -3*a + 17. Let m(o) = 5*g(o) - 2*n(o). What is m(-8)?
33
Let h = -30 + 34. Suppose 3*l = 6, -l = -4*j + l + h. Let p(x) = 3 - 218*x + 212*x + 3 + x**j. What is p(6)?
6
Let j be (8/10)/(13/195). Let a be 4*((-69)/j + 5). Let o be (-10)/a*84/(-70). Let m(v) = v + 7. Calculate m(o).
3
Let z(r) be the first derivative of 0*r**2 + 6*r + 1/4*r**4 - 5*r**3 + 6. What is z(15)?
6
Let f(s) = -17*s**2 - 97*s + 54. Let r be f(-6). Let x(i) = -i + 20. What is x(r)?
-4
Let p(b) = -b - 3. Let g(c) = 2*c**2 + c**3 + 3*c - 121 - 19*c**2 + 45*c + 116. Let l be g(3). Determine p(l).
-16
Let r(h) be the second derivative of -2*h**3/3 - 3*h**2/2 + h + 9127. Let i be (-4)/14 - (-94)/(-14). Determine r(i).
25
Suppose 4*s = 4*b + 9*s - 128, -3*s = 0. Let n = 30 - b. Let w(v) be the third derivative of v**6/120 + v**5/30 + v**2. Determine w(n).
0
Let y be 1/(-21) - 6764/399. Let g(b) = b**3 + 16*b**2 - 21*b - 32. Give g(y).
36
Let x(y) = -1120*y + 8966. Let p be x(8). Let c(j) = -13*j + 105. Determine c(p).
27
Suppose 35*h + 484 = 46*h. Let x be 140/h + -3 + (-570)/110. Let p(f) = 5*f + 4. Give p(x).
-21
Let o(b) = -16*b + 12 + 4 + 49*b + 30 - 13. Calculate o(-6).
-165
Suppose 0 = n - 3*v, 3*n = -5*v + 81 - 25. Suppose -12*o = -9*o + n. Let u(w) = 0*w - 5*w - 2*w**2 + 1 + w**2. Determine u(o).
5
Let g(o) = o + 1. Let s(j) be the second derivative of -j**3/6 - 4*j**2 - j. Let i be (-186)/21 + ((-660)/70)/(-11). Let l be s(i). Determine g(l).
1
Let m(j) = 13*j - 243. Let q(f) = -10*f + 192. Let u(r) = 3*m(r) + 4*q(r). Calculate u(16).
23
Let x be (468/54)/((-2)/(-3)). Let k(a) = x*a - 8*a - 5*a + a**2. Calculate k(-1).
1
Let r(k) = k**2 - 6*k - 4. Suppose 2*z + 8 = 5*z - 2*s, 12 = -3*s. Suppose z = -23*o + 28*o - 25. Suppose -o*q - 15 = 0, 5*q = -3*g - 0*g. Determine r(g).
-9
Let z(c) = -c**3 - 2*c**2. Let l be z(-2). Let p(g) = l*g**3 + 5*g - g**3 - 6*g. Let a(v) = 10*v - 440. Let f be a(44). Determine p(f).
0
Let o(z) = -3*z**2 - 126*z + 1559. Let k be o(-52). Let y(f) = 3*f + 3 - 1 + 4*f**3 + 2*f**3 - 3*f**3 - f**2. Calculate y(k).
-5
Let b(d) = 21*d - 11. Let m = -31024 - -31027. Calculate b(m).
52
Let f(l) = 158*l - 1109. Let m(k) = k**3 + 45*k**2 + 36*k - 345. Let h be m(-44). Calculate f(h).
-3
Suppose -11 = -4*g - 3*k + 2, 5*g - 32 = -2*k. Let v(s) = 4*s**2 - 45*s + 44. Give v(g).
-6
Suppose -3*h = 2*z - 665, 2*h - 4*z + 3*z = 441. Let j = 206 - h. Let v(p) = p**2 + 16*p + 21. Give v(j).
6
Let i(r) = 19*r - 256. Let d(h) = -7*h + 91. Let c(j) = -11*d(j) - 4*i(j). Calculate c(-12).
11
Suppose -4 = -169*d + 167*d. Let v(m) = 5*m - 16 + m**d - 3*m - 3*m + 5*m. Give v(-7).
5
Let d = 49 - 21. Suppose -30*b + 116 = -d*b. Suppose -q = -52 + b. Let v(g) = g**2 + 8*g + 5. Determine v(q).
-7
Let r(y) = -y - 27. Suppose 9*o + 35*o + 1856 - 404 = 0. Calculate r(o).
6
Let i(p) = -14 + p - 193*p**3 + 5 + 192*p**3. Let c be i(-3). Let y = c + -17. Let j(n) = -n**2 - 4*n. What is j(y)?
4
Let z(l) = 85*l - 33 - 160*l + 73*l. Let a(t) = -t - 14. Let p be a(0). Determine z(p).
-5
Let p(b) be the first derivative of -b**4/4 + b**3/3 + 3*b + 1328. Suppose 4*k + k - 10 = 0. Suppose -4*h = -k*h. Give p(h).
3
Let k(a) = -4*a**3 + a**2 - 5. Let f(o) = -3*o**2 + 5 + 4 + o**2 - 14 - 3*o**3 - 2*o**3. Let j(i) = -3*f(i) + 4*k(i). Calculate j(10).
-5
Suppose 0 = -2*a - 3*g + 10 + 2, 0 = a - 5*g - 19. Let y(s) = -s**2 - 5*s - 5. Let i(k) = -3*k**2 - 9*k - 10. Let t(x) = 2*i(x) - 5*y(x). Determine t(a).
-13
Let k(d) = -3*d**3 - d - 7. Let g(o) = 0*o**3 - o**3 + 469 + 2*o - 463 + 3*o**3. Let u(h) = 4*g(h) + 3*k(h). Give u(-3).
15
Let b be (-28)/((-4 - -5)*-2). Let k(r) = 16 + b - 30 + 3*r. What is k(-1)?
-3
Suppose 4*l = 3*b + 10, -18*b - 16 = -22*b - 2*l. Let v(z) = z**2 + 3*z - 3. What is v(b)?
7
Let p = -371/18 - -377/18. Let j(s) be the second derivative of -p*s**3 + 0 - 5/2*s**2 - 11*s. What is j(-6)?
7
Let h(u) = -9 + 18 + u - 10 - 3*u. Let f(m) = -m. Let n(l) = -7*f(l) + 3*h(l). Calculate n(6).
3
Let r(y) = 5*y - 4 - 7 + 10 + 2. Let k(a) = a + 23. Let l be k(8). Suppose 4*f - 15 = -l. What is r(f)?
-19
Let a(k) = -3*k**3 + 4*k**2 - 2*k - 2. Suppose 2*f = -r - 0*r + 19, -15 = -5*f + 4*r. Suppose 2*h = 5*b - 6, -f*b - 8 = -11*b. What is a(h)?
-14
Let w(g) = -g**2 - g - 1. Suppose 0 = -2*u - h - 1 + 22, 0 = -4*u + 5*h + 35. Let l(z) = -8*z**2 - 8*z - 12. Let j(k) = u*w(k) - l(k). Calculate j(-3).
-10
Let v(g) = -g**2 - 25*g - 50. Let s(w) = -w**2 + 58*w - 23. Let b be s(58). Determine v(b).
-4
Let y(w) = w**2 - 9*w + 17. Suppose 3*m - 15 = 3. Let t be y(m). Let i(f) be the first derivative of f**2 - 10. Calculate i(t).
-2
Let k be (8/20)/(5/625). Let q(f) = k + 2*f + 59 - 109. Give q(-3).
-6
Let k = -7 + 2. Let x(z) be the first derivative of 3*z**2/2 + 2*z - 1626. What is x(k)?
-13
Let b(u) = -u**2 + 9*u - 6. Let j be (-3 - 822/(-6)) + -1. Suppose 4*y - j = -15*y. Calculate b(y).
8
Let p(f) be the second derivative of 222*f + f**2 + 0 - 1/3*f**3 - 1/6*f**4. Determine p(1).
-2
Let v(x) = -2*x**2 - 4*x + 44. Let y be v(4). Let n(o) = 15. Let a(t) = t + 18. Let f(i) = y*a(i) + 6*n(i). Determine f(8).
-14
Let b(c) = c**2 + 21*c + 8. Let y = 2 - 23. Let f be b(y). Suppose -4*g + 4 - f = 0. Let p(s) = -7*s**2 + s + 1. Give p(g).
-7
Let h(o) be the first derivative of -o**4/4 - 34*o**3/3 + 17*o**2 - 38*o + 5356. Give h(-35).
-3
Let d(i) be the third derivative of -1/3*i**4 + 1/120*i**5 + 0*i - 1/6*i**3 - 5*i**2 + 0. Let z(v) be the first derivative of d(v). Give z(6).
-2
Let h(j) = 2*j**2 - 64*j - 1798. Let o be h(50). Let y(k) = 7*k**2 - 2*k - 4. Calculate y(o).
20
Let g(r) = -3*r**2 + 10*r + 8. Suppose -4*a = -3*k - 15, 4*a = k + 2 + 19. What is g(a)?
-40
Suppose 190 = 4*k - 322. Let u(n) = -66*n**2 - 63*n**2 + k*n**2 - 4. Determine u(0).
-4
Let g(h) be the second derivative of 2*h**3/3 - 19*h**2/2 + 406*h. What is g(12)?
29
Let t(x) = -5*x**2 + 14*x + 74. Let d(l) = 4*l**2 - 15*l - 64. Let v(b) = 6*d(b) + 5*t(b). Calculate v(-14).
70
Let k(g) = -g**3 - 8*g**2 - 7*g + 3. Let y be (-4 - 4/(-2))*2. Let n be (-58)/8 